culate the remainder when 5121606 is divided by 269558.
4
Calculate the remainder when 3793330 is divided by 333.
127
What is the remainder when 2105409 is divided by 16578?
3
What is the remainder when 3565300 is divided by 122918?
678
What is the remainder when 15199405 is divided by 2171341?
18
Calculate the remainder when 2594832 is divided by 432457.
90
Calculate the remainder when 10739174 is divided by 135938.
72
What is the remainder when 20672 is divided by 2045?
222
What is the remainder when 3159805 is divided by 33?
22
What is the remainder when 84910544 is divided by 416228?
32
Calculate the remainder when 113293199 is divided by 374.
371
Calculate the remainder when 5922 is divided by 849.
828
What is the remainder when 15018535 is divided by 46497?
4
Calculate the remainder when 690209 is divided by 73.
67
What is the remainder when 334476 is divided by 1854?
756
What is the remainder when 112656 is divided by 55634?
1388
Calculate the remainder when 9576457 is divided by 3191984.
505
Calculate the remainder when 826553 is divided by 2844.
1793
What is the remainder when 55117 is divided by 4207?
426
Calculate the remainder when 2790018 is divided by 45.
18
Calculate the remainder when 67800 is divided by 199.
140
What is the remainder when 2127854 is divided by 70?
64
Calculate the remainder when 326029 is divided by 420.
109
What is the remainder when 597716 is divided by 2633?
25
Calculate the remainder when 74459362 is divided by 1196.
1186
What is the remainder when 32596 is divided by 5395?
226
What is the remainder when 10317 is divided by 256?
77
Calculate the remainder when 3026364 is divided by 275.
264
What is the remainder when 233237 is divided by 209?
202
Calculate the remainder when 175528 is divided by 87752.
24
What is the remainder when 1304962 is divided by 9886?
10
Calculate the remainder when 22513303 is divided by 2310.
43
Calculate the remainder when 16447 is divided by 15664.
783
Calculate the remainder when 468634 is divided by 234039.
556
Calculate the remainder when 151555 is divided by 1871.
4
Calculate the remainder when 4473342 is divided by 2349.
846
Calculate the remainder when 712729 is divided by 206.
175
What is the remainder when 14251435 is divided by 9159?
31
Calculate the remainder when 2482169 is divided by 2482116.
53
What is the remainder when 171680607 is divided by 16?
15
What is the remainder when 8946766 is divided by 616?
598
What is the remainder when 14447762 is divided by 62544?
98
What is the remainder when 10980575 is divided by 6?
5
What is the remainder when 87205 is divided by 301?
216
Calculate the remainder when 17874 is divided by 1114.
50
Calculate the remainder when 16660000 is divided by 4822.
4812
What is the remainder when 702079 is divided by 121?
37
Calculate the remainder when 5521464 is divided by 1380356.
40
What is the remainder when 603552 is divided by 1341?
102
What is the remainder when 523401 is divided by 65400?
201
Calculate the remainder when 54637 is divided by 792.
781
Calculate the remainder when 51633 is divided by 423.
27
Calculate the remainder when 6901 is divided by 5753.
1148
Calculate the remainder when 10033053 is divided by 270.
123
Calculate the remainder when 656824499 is divided by 2724.
2723
Calculate the remainder when 18493438 is divided by 43.
41
What is the remainder when 51051 is divided by 113?
88
Calculate the remainder when 5772359 is divided by 40.
39
Calculate the remainder when 26712620 is divided by 10634.
12
What is the remainder when 437455 is divided by 437449?
6
Calculate the remainder when 26710114 is divided by 292.
290
What is the remainder when 177492 is divided by 29391?
1146
What is the remainder when 1698785 is divided by 1813?
4
What is the remainder when 9427350 is divided by 1885470?
0
What is the remainder when 75920 is divided by 36035?
3850
What is the remainder when 2159511 is divided by 359907?
69
Calculate the remainder when 83012188 is divided by 85.
83
Calculate the remainder when 29128 is divided by 28823.
305
Calculate the remainder when 43161051 is divided by 34.
23
Calculate the remainder when 443358 is divided by 589.
430
Calculate the remainder when 406540 is divided by 3836.
3760
What is the remainder when 1692730 is divided by 846360?
10
Calculate the remainder when 2491586 is divided by 343.
34
Calculate the remainder when 71132 is divided by 658.
68
Calculate the remainder when 623360 is divided by 408.
344
What is the remainder when 1281960 is divided by 1197?
1170
Calculate the remainder when 24821181 is divided by 163.
30
What is the remainder when 4602028 is divided by 15188?
64
What is the remainder when 167383 is divided by 55663?
394
What is the remainder when 466220 is divided by 1793?
40
What is the remainder when 7777 is divided by 3598?
581
What is the remainder when 9336004 is divided by 1555996?
28
Calculate the remainder when 133065 is divided by 14785.
0
What is the remainder when 10503412 is divided by 154?
150
Calculate the remainder when 7660322 is divided by 2062.
2054
Calculate the remainder when 43805962 is divided by 43805954.
8
Calculate the remainder when 5862478 is divided by 8363.
15
Calculate the remainder when 441572413 is divided by 7685.
7683
Calculate the remainder when 6177955 is divided by 2059192.
379
Calculate the remainder when 5108857 is divided by 2554421.
15
What is the remainder when 616843 is divided by 21199?
2072
What is the remainder when 58611431 is divided by 5061?
5051
Calculate the remainder when 2573872 is divided by 257386.
12
What is the remainder when 89601911 is divided by 195?
191
What is the remainder when 1837260 is divided by 2386?
40
What is the remainder when 9239087 is divided by 10164?
11
Calculate the remainder when 1790892 is divided by 10987.
11
Calculate the remainder when 568827 is divided by 913.
28
Calculate the remainder when 380575 is divided by 190279.
17
What is the remainder when 28727263 is divided by 3191917?
10
Calculate the remainder when 807806 is divided by 11707.
23
What is the remainder when 52367 is divided by 2143?
935
What is the remainder when 587913 is divided by 45222?
27
Calculate the remainder when 690195 is divided by 2616.
2187
What is the remainder when 1871229 is divided by 10?
9
Calculate the remainder when 2811373 is divided by 13324.
9
What is the remainder when 2426971 is divided by 69342?
1
Calculate the remainder when 33855593 is divided by 104171.
18
What is the remainder when 1610171 is divided by 1304?
1035
What is the remainder when 119807 is divided by 439?
399
Calculate the remainder when 161921 is divided by 53930.
131
Calculate the remainder when 4789050 is divided by 399086.
18
What is the remainder when 26336 is divided by 2021?
63
Calculate the remainder when 276691 is divided by 53.
31
Calculate the remainder when 219578 is divided by 77.
51
What is the remainder when 93717003 is divided by 14625?
3
What is the remainder when 3932 is divided by 437?
436
What is the remainder when 49354614 is divided by 302789?
7
What is the remainder when 1365456 is divided by 105?
36
Calculate the remainder when 281877705 is divided by 6.
3
Calculate the remainder when 13732955 is divided by 178350.
5
Calculate the remainder when 596196 is divided by 2505.
6
Calculate the remainder when 196006 is divided by 15037.
525
Calculate the remainder when 1158140 is divided by 385.
60
What is the remainder when 4148236 is divided by 691367?
34
Calculate the remainder when 874334 is divided by 408.
398
Calculate the remainder when 2007066 is divided by 301.
299
Calculate the remainder when 8588892 is divided by 17.
16
What is the remainder when 4182521 is divided by 28260?
41
What is the remainder when 6364437 is divided by 454598?
65
Calculate the remainder when 1844656 is divided by 922309.
38
What is the remainder when 27995 is divided by 3297?
1619
Calculate the remainder when 260549 is divided by 85659.
3572
What is the remainder when 6072378 is divided by 3486?
3252
What is the remainder when 1116992 is divided by 99?
74
What is the remainder when 28858113 is divided by 15830?
23
What is the remainder when 40295899 is divided by 3872?
3867
What is the remainder when 2237256669 is divided by 12?
9
Wha